{"id":10591,"date":"2019-06-07T10:23:53","date_gmt":"2019-06-07T15:23:53","guid":{"rendered":"http:\/\/demo.thimpress.com\/eduma\/?page_id=12"},"modified":"2025-03-23T14:39:28","modified_gmt":"2025-03-23T19:39:28","slug":"home","status":"publish","type":"page","link":"https:\/\/liceoelcarmelo.edu.co\/web\/","title":{"rendered":"Inicio"},"content":{"rendered":"<div class=\"wpb-content-wrapper\"><p>[vc_row full_width=\u00bbstretch_row_content_no_spaces\u00bb css=\u00bb.vc_custom_1532059041653{margin-bottom: 0px !important;}\u00bb][vc_column][rev_slider_vc alias=\u00bbhome-page\u00bb][\/vc_column][\/vc_row][vc_row css=\u00bb.vc_custom_1552335716023{margin-top: -90px !important;background-color: #eee0cd !important;}\u00bb el_class=\u00bbrow_relative\u00bb][vc_column width=\u00bb2\/3&#8243; css=\u00bb.vc_custom_1532058844902{padding-top: 0px !important;}\u00bb][vc_row_inner css=\u00bb.vc_custom_1532058886594{margin-bottom: 0px !important;padding-top: 35px !important;padding-right: 20px !important;padding-bottom: 30px !important;padding-left: 20px !important;}\u00bb][vc_column_inner width=\u00bb1\/3&#8243;]<div class=\"thim-widget-icon-box template-base\"><div class=\"wrapper-box-icon text-left \" ><div class=\"smicon-box iconbox-left\" style=\"--icon-font-size:48px;--icon-color:#dd6c30;--icon-width: 60px;--icon-height: 55px;--icon-color-hover:#dfc290;\"><div class=\"boxes-icon\"><a class=\"icon-box-link\" target=\"_self\" href=\"#\"><span class=\"inner-icon\"><span class=\"icon\"><i class=\"fa fa-briefcase\"\"><\/i><\/span><\/span><\/span><\/a><\/div><div class=\"content-inner\"><div class=\"sc-heading article_heading\"><h3 class = \"heading__primary\" style=\"--title-color: #2ec4b6;--title-font-size: 18px;--title-font-weight: 400;--title-margin-bottom: 5px;\"><a class=\"icon-box-link\" target=\"_self\" href=\"#\" >MODALIDADES T\u00c9CNICAS<\/a><\/h3><\/div><\/div><\/div><\/div><\/div>[\/vc_column_inner][vc_column_inner width=\u00bb1\/3&#8243;]<div class=\"thim-widget-icon-box template-base\"><div class=\"wrapper-box-icon text-left \" ><div class=\"smicon-box iconbox-left\" style=\"--icon-font-size:48px;--icon-color:#dd6c30;--icon-width: 60px;--icon-height: 55px;--icon-color-hover:#dfc290;\"><div class=\"boxes-icon\"><a class=\"icon-box-link\" target=\"_self\" href=\"#\"><span class=\"inner-icon\"><span class=\"icon\"><i class=\"ion-ios-book-outline\"\"><\/i><\/span><\/span><\/span><\/a><\/div><div class=\"content-inner\"><div class=\"sc-heading article_heading\"><h3 class = \"heading__primary\" style=\"--title-color: #2ec4b6;--title-font-size: 18px;--title-font-weight: 400;--title-margin-bottom: 5px;\"><a class=\"icon-box-link\" target=\"_self\" href=\"#\" >EDUCACI\u00d3N<\/a><\/h3><\/div><div class=\"desc-icon-box\"><div class=\"desc-content\" style=\"color: #292929;font-size: 16px;font-weight: 300;line-height: 23px;\">Preescolar y Primaria<\/div><\/div><\/div><\/div><\/div><\/div>[\/vc_column_inner][vc_column_inner width=\u00bb1\/3&#8243;]<div class=\"thim-widget-icon-box template-base\"><div class=\"wrapper-box-icon text-left \" ><div class=\"smicon-box iconbox-left\" style=\"--icon-font-size:48px;--icon-color:#dd6c30;--icon-width: 60px;--icon-height: 55px;--icon-color-hover:#dda94f;\"><div class=\"boxes-icon\"><a class=\"icon-box-link\" target=\"_self\" href=\"#\"><span class=\"inner-icon\"><span class=\"icon\"><i class=\"ion-ios-basketball-outline\"\"><\/i><\/span><\/span><\/span><\/a><\/div><div class=\"content-inner\"><div class=\"sc-heading article_heading\"><h3 class = \"heading__primary\" style=\"--title-color: #2ec4b6;--title-font-size: 18px;--title-font-weight: 400;--title-margin-bottom: 5px;\"><a class=\"icon-box-link\" target=\"_self\" href=\"#\" >EDUCACI\u00d3N<\/a><\/h3><\/div><div class=\"desc-icon-box\"><div class=\"desc-content\" style=\"color: #292929;font-size: 16px;font-weight: 300;line-height: 23px;\">Secundaria y Media<\/div><\/div><\/div><\/div><\/div><\/div>[\/vc_column_inner][\/vc_row_inner][\/vc_column][vc_column width=\u00bb1\/3&#8243; el_class=\u00bbfeature-icon-box\u00bb css=\u00bb.vc_custom_1532058945916{padding-top: 35px !important;padding-right: 0px !important;padding-bottom: 33px !important;padding-left: 30px !important;}\u00bb]<div class=\"thim-widget-icon-box template-base\"><div class=\"wrapper-box-icon text-left \" ><div class=\"smicon-box iconbox-right\" style=\"--icon-font-size:38px;--icon-color:#ffffff;--icon-width: 80px;--icon-height: 42px;--icon-color-hover:#842f30;\"><div class=\"boxes-icon\"><a class=\"icon-box-link\" target=\"_self\" href=\"https:\/\/liceoelcarmelo.edu.co\/web\/#\"><span class=\"inner-icon\"><span class=\"icon\"><i class=\"fas fa-graduation-cap\"\"><\/i><\/span><\/span><\/span><\/a><\/div><div class=\"content-inner\"><div class=\"sc-heading article_heading\"><h3 class = \"heading__primary\" style=\"--title-color: #ffffff;--title-font-size: 20px;--title-font-weight: 500;--title-margin-bottom: 5px;\"><a class=\"icon-box-link\" target=\"_self\" href=\"https:\/\/liceoelcarmelo.edu.co\/web\/#\" >REGISTRO DE EGRESADOS<\/a><\/h3><\/div><div class=\"desc-icon-box\"><div class=\"desc-content\" style=\"color: #ffffff;font-size: 16px;font-weight: 300;line-height: 23px;\">Actualizaci\u00f3n de Datos<\/div><\/div><\/div><\/div><\/div><\/div>[\/vc_column][\/vc_row][vc_row][vc_column width=\u00bb1\/2&#8243;]<div class=\"thim-widget-heading template-base\"><div class=\"sc_heading  \"><h3 class=\"title\">Avisos <strong> Importantes<\/strong><\/h3><\/div><\/div><div class=\"thim-widget-testimonials template-testimonials\">\n<div class=\"thim-testimonial-slider image-bottom\" data-activepadding=\"0\" data-time=\"5000\" data-visible=\"5\" data-auto=\"1\" data-mousewheel=\"0\"><div class=\"item\"><div class=\"content\"><div class=\"description\"><span class=\"TextRun SCXW165686354 BCX0\" lang=\"EN-US\" xml:lang=\"EN-US\" data-contrast=\"auto\"><span class=\"NormalTextRun SCXW165686354 BCX0\">El LICEO\u00a0<\/span><span class=\"ContextualSpellingAndGrammarError SCXW165686354 BCX0\">PEDAGOGICO\u00a0<\/span><\/span><span class=\"TextRun SCXW165686354 BCX0\" lang=\"EN-US\" xml:lang=\"EN-US\" data-contrast=\"auto\"><span class=\"ContextualSpellingAndGrammarError SCXW165686354 BCX0\">\u201d<\/span><\/span><span class=\"TextRun SCXW165686354 BCX0\" lang=\"EN-US\" xml:lang=\"EN-US\" data-contrast=\"auto\"><span class=\"ContextualSpellingAndGrammarError SCXW165686354 BCX0\">EL<\/span><span class=\"NormalTextRun SCXW165686354 BCX0\">\u00a0CARMELO\u201d es una\u00a0<\/span><span class=\"SpellingError SCXW165686354 BCX0\">instituci\u00f3n<\/span><span class=\"NormalTextRun SCXW165686354 BCX0\">\u00a0<\/span><span class=\"SpellingError SCXW165686354 BCX0\">educativa<\/span><span class=\"NormalTextRun SCXW165686354 BCX0\">\u00a0<\/span><span class=\"SpellingError SCXW165686354 BCX0\">privada<\/span><span class=\"NormalTextRun SCXW165686354 BCX0\">,\u00a0<\/span><span class=\"SpellingError SCXW165686354 BCX0\">dirigida<\/span><span class=\"NormalTextRun SCXW165686354 BCX0\">\u00a0por la\u00a0<\/span><span class=\"SpellingError SCXW165686354 BCX0\">Compa\u00f1\u00eda<\/span><span class=\"NormalTextRun SCXW165686354 BCX0\">\u00a0de Jes\u00fas,\u00a0<\/span><span class=\"SpellingError SCXW165686354 BCX0\">confesionalmente<\/span><span class=\"NormalTextRun SCXW165686354 BCX0\">\u00a0Cristiana\u00a0<\/span><span class=\"SpellingError SCXW165686354 BCX0\">Cat\u00f3lica<\/span><span class=\"NormalTextRun SCXW165686354 BCX0\">,\u00a0<\/span><span class=\"SpellingError SCXW165686354 BCX0\">autorizada<\/span><span class=\"NormalTextRun SCXW165686354 BCX0\">\u00a0<\/span><span class=\"SpellingError SCXW165686354 BCX0\">legalmente<\/span><span class=\"NormalTextRun SCXW165686354 BCX0\">\u00a0por el\u00a0<\/span><span class=\"SpellingError SCXW165686354 BCX0\">M<\/span><\/span><span class=\"TextRun SCXW165686354 BCX0\" lang=\"EN-US\" xml:lang=\"EN-US\" data-contrast=\"auto\"><span class=\"SpellingError SCXW165686354 BCX0\">inisterio<\/span><span class=\"NormalTextRun SCXW165686354 BCX0\">\u00a0de\u00a0<\/span><span class=\"SpellingError SCXW165686354 BCX0\">Educaci\u00f3n<\/span><span class=\"NormalTextRun SCXW165686354 BCX0\">\u00a0Nacional<\/span><\/span><span class=\"TextRun SCXW165686354 BCX0\" lang=\"EN-US\" xml:lang=\"EN-US\" data-contrast=\"auto\"><span class=\"NormalTextRun SCXW165686354 BCX0\">.<\/span><\/span><span class=\"EOP SCXW165686354 BCX0\" data-ccp-props=\"{&#34;201341983&#34;:0,&#34;335551550&#34;:6,&#34;335551620&#34;:6,&#34;335559739&#34;:160,&#34;335559740&#34;:259}\">\u00a0<\/span><\/div><h3 class=\"title\">Identificaci\u00f3n<\/h3><div class=\"regency\">Director<\/div><\/div><div class=\"image\"><img loading=\"lazy\" decoding=\"async\" src=\"https:\/\/liceoelcarmelo.edu.co\/web\/wp-content\/uploads\/2019\/07\/escudo_web-100x100.png\" alt=\"escudo_web\" title=\"escudo_web\"  width=\"100\" height=\"100\" data-skip-lazy><\/div><\/div><div class=\"item\"><div class=\"content\"><div class=\"description\">El LICEO PEDAGOGICO EL CARMELO\u201d es una instituci\u00f3n educativa con Resoluci\u00f3n No 2337- DANE 3735044800009, y el apoderado general del representante legal es el Rector o su delegado.<\/div><h3 class=\"title\">Raz\u00f3n Social<\/h3><div class=\"regency\">Director<\/div><\/div><div class=\"image\"><img loading=\"lazy\" decoding=\"async\" src=\"https:\/\/liceoelcarmelo.edu.co\/web\/wp-content\/uploads\/2019\/07\/escudo_web-100x100.png\" alt=\"escudo_web\" title=\"escudo_web\"  width=\"100\" height=\"100\" data-skip-lazy><\/div><\/div><\/div><\/div>[\/vc_column][vc_column width=\u00bb1\/2&#8243;]<div class=\"thim-widget-heading template-base\"><div class=\"sc_heading  \"><h3 class=\"title\">Cuadro de <strong> Honor<\/strong><\/h3><\/div><\/div>[vc_column_text][do_widget id=cuadrohonor_widget-2][\/vc_column_text][\/vc_column][vc_column][vc_zigzag css=\u00bb.vc_custom_1553787417949{margin-top: 15px !important;}\u00bb][\/vc_column][\/vc_row][vc_row full_width=\u00bbstretch_row\u00bb gap=\u00bb15&#8243; css=\u00bb.vc_custom_1548372508104{margin-bottom: 0px !important;padding-top: 10px !important;padding-bottom: 10px !important;background-color: #ffffff !important;}\u00bb][vc_column width=\u00bb1\/2&#8243; css=\u00bb.vc_custom_1548712686673{padding-top: 10px !important;}\u00bb]<div class=\"thim-widget-heading template-base\"><div class=\"sc_heading  \"><h3 style=\"color:#292929;font-size:35px;font-weight:600;\" class=\"title\"><strong>Bienvenidos <\/strong>a Nuestra Instituci\u00f3n<\/h3><\/div><\/div>[vc_column_text css=\u00bb.vc_custom_1562269683590{margin-top: -15px !important;padding-right: 35px !important;}\u00bb]El Liceo pedagogico \u00abEl Carmelo\u00bb tiene como base estos principios fundamentales:<\/p>\n<p><strong>1.<\/strong> En el LICEO PEDAGOGICO \u201cEL CARMELO\u201d entendemos la educaci\u00f3n como un proceso de personalizaci\u00f3n y socializaci\u00f3n, de tal manera que formamos hombres y mujeres con excelencia integral, para los dem\u00e1s y con los dem\u00e1s.<\/p>\n<p><strong>2.<\/strong> El Manual de Convivencia es el c\u00f3digo \u00e9tico y moral de nuestros estudiantes, padres y madres de familia o acudientes, fundamentado en el derecho a la educaci\u00f3n como un derecho &#8211; deber.<\/p>\n<p><strong>3.<\/strong> El Manual de Convivencia contiene las normas que regulan nuestra convivencia y es deber de los miembros de la comunidad educativa respetarlas, acatarlas y hacer aportes para mejorarlas.<\/p>\n<p><strong>4.<\/strong> La formaci\u00f3n integral del carmelito y la carmelita y el Manual de Convivencia han de ser el horizonte que gu\u00ede las acciones de nuestros estudiantes.<\/p>\n<p><strong>5.<\/strong> El PRE- ESCOLAR\u201d EL CARMELO\u201d desarrolla un proyecto coeducativo que nos permite educar hombres y mujeres en la equidad y el respeto a sus diferencias.<\/p>\n<p><strong>6<\/strong>. El reglamento o Manual de Convivencia se construye con la participaci\u00f3n de los diferentes estamentos de la comunidad educativa, a fin de que este sea interiorizado, asumido y vivido por todos sus miembros.[\/vc_column_text][\/vc_column][vc_column width=\u00bb1\/2&#8243; el_class=\u00bbthim-border-left-event\u00bb css=\u00bb.vc_custom_1548712678872{padding-top: 10px !important;}\u00bb][vc_column_text][do_widget id=ffpw_social-2][\/vc_column_text][\/vc_column][\/vc_row][vc_row full_width=\u00bbstretch_row\u00bb disable_element=\u00bbyes\u00bb css=\u00bb.vc_custom_1560011388305{margin-bottom: 0px !important;padding-top: 60px !important;padding-bottom: 60px !important;background-color: #353866 !important;}\u00bb][vc_column width=\u00bb1\/4&#8243; css=\u00bb.vc_custom_1532062830416{padding-top: 0px !important;}\u00bb]<div class=\"vc-extral_class home-grad\"><div class=\"thim-widget-counters-box template-base\"><div class=\"counter-box home-page\" style=\"\"><div class=\"content-box-percentage\">\n\t\t<div class=\"wrap-percentage\">\n\t\t<div class=\"display-percentage\" data-percentage=\"95\" >95<\/div><div class=\"text_number\">%<\/div><\/div><div class=\"counter-content-container\"><div class=\"counter-box-content\" style=\"\">Estudiantes Aprobados<\/div><\/div><\/div><\/div><\/div><\/div>[\/vc_column][vc_column width=\u00bb1\/4&#8243; css=\u00bb.vc_custom_1549114450977{padding-top: 0px !important;}\u00bb]<div class=\"vc-extral_class home-grad\"><div class=\"thim-widget-counters-box template-base\"><div class=\"counter-box home-page\" style=\"\"><div class=\"content-box-percentage\">\n\t\t<div class=\"wrap-percentage\">\n\t\t<div class=\"display-percentage\" data-percentage=\"60\" >60<\/div><div class=\"text_number\">K<\/div><\/div><div class=\"counter-content-container\"><div class=\"counter-box-content\" style=\"\">Estudiantes Atendidos<\/div><\/div><\/div><\/div><\/div><\/div>[\/vc_column][vc_column width=\u00bb1\/4&#8243; css=\u00bb.vc_custom_1532062843476{padding-top: 0px !important;}\u00bb]<div class=\"vc-extral_class home-grad\"><div class=\"thim-widget-counters-box template-base\"><div class=\"counter-box home-page\" style=\"\"><div class=\"content-box-percentage\">\n\t\t<div class=\"wrap-percentage\">\n\t\t<div class=\"display-percentage\" data-percentage=\"3200\" >3200<\/div><div class=\"text_number\"><\/div><\/div><div class=\"counter-content-container\"><div class=\"counter-box-content\" style=\"\">Estudiantes Graduados<\/div><\/div><\/div><\/div><\/div><\/div>[\/vc_column][vc_column width=\u00bb1\/4&#8243; css=\u00bb.vc_custom_1532062850425{padding-top: 0px !important;}\u00bb]<div class=\"vc-extral_class home-grad\"><div class=\"thim-widget-counters-box template-base\"><div class=\"counter-box home-page\" style=\"\"><div class=\"content-box-percentage\">\n\t\t<div class=\"wrap-percentage\">\n\t\t<div class=\"display-percentage\" data-percentage=\"45\" >45<\/div><div class=\"text_number\"><\/div><\/div><div class=\"counter-content-container\"><div class=\"counter-box-content\" style=\"\">A\u00f1os de Historia<\/div><\/div><\/div><\/div><\/div><\/div>[\/vc_column][\/vc_row][vc_row content_placement=\u00bbmiddle\u00bb css=\u00bb.vc_custom_1742758637695{margin-top: 30px !important;background-image: url(https:\/\/liceoelcarmelo.edu.co\/web\/wp-content\/uploads\/2025\/03\/Teprot.png?id=11830) !important;background-position: center !important;background-repeat: no-repeat !important;background-size: cover !important;}\u00bb el_id=\u00bb#teprotejo\u00bb][vc_column width=\u00bb1\/3&#8243;][\/vc_column][vc_column width=\u00bb1\/3&#8243;]<div class=\"thim-widget-heading template-base\"><div class=\"sc_heading  text-center\"><h3 style=\"color:#1e73be;font-size:20px;font-weight:bold;\" class=\"title\">TeGu\u00edo<\/h3><\/div><\/div>[vc_column_text css=\u00bb\u00bb]<\/p>\n<p style=\"text-align: center;\">Si tienes dudas sobre l\u00edmites en las relaciones, consentimiento, contacto con material de explotaci\u00f3n sexual de ni\u00f1as, ni\u00f1os y adolescentes, preocupaciones sobre los intereses, comentarios o comportamientos sexuales de alguien menor de 18 a\u00f1os, en Te Gu\u00edo est\u00e1 bien preguntar.<\/p>\n<p>[\/vc_column_text][vc_btn title=\u00bbVisitar Sitio\u00bb style=\u00bb3d\u00bb color=\u00bbprimary\u00bb size=\u00bbsm\u00bb align=\u00bbcenter\u00bb i_icon_fontawesome=\u00bbfas fa-external-link-alt\u00bb css=\u00bb\u00bb add_icon=\u00bbtrue\u00bb link=\u00bburl:https%3A%2F%2Fwww.teguiocolombia.org%2Findex.html|target:_blank\u00bb][\/vc_column][vc_column width=\u00bb1\/3&#8243;][\/vc_column][\/vc_row][vc_row full_width=\u00bbstretch_row\u00bb][vc_column width=\u00bb1\/3&#8243;]<div class=\"thim-widget-heading template-base\"><div class=\"sc_heading  \"><h3 style=\"color:#292929;font-size:35px;font-weight:600;\" class=\"title\">Nuestra <strong>Misi\u00f3n<\/strong><\/h3><\/div><\/div>[vc_column_text css=\u00bb.vc_custom_1562269087423{margin-bottom: 35px !important;}\u00bb]<\/p>\n<div class=\"textwidget\">\n<p style=\"text-align: left;\">Estimular, desarrollar y potenciar competencias y dimensiones en el estudiante de manera integral, que le aseguren un desempe\u00f1o exitoso en su cotidianidad como ser humano activo y aportante a la comunidad, proporcionando un espacio l\u00fadico que lo involucre en un medio agradable que despierte creatividad, generando inter\u00e9s por el conocimiento y cultura de manera fundamental y s\u00f3lida a trav\u00e9s de programas pedag\u00f3gicos estructurados.<\/p>\n<\/div>\n<p>[\/vc_column_text]<div class=\"thim-widget-button template-base\"><a class=\"widget-button very-rounded no-border small custom_style\" href=\"https:\/\/liceoelcarmelo.edu.co\/web\/nuestro-colegio\/\" style=\"--widget-button-font-size: 14px;--widget-button-font-weight: 400;--widget-button-color: #ffffff;--widget-button-background-color: #2ec4b6;--widget-button-color-hover: #ffffff;--widget-button-background-color-hover: #1c9b8e;\"><i class=\"fa fa-plus\" style=\"font-size: 14px;\"><\/i> Informaci\u00f3n<\/a><\/div>[\/vc_column][vc_column width=\u00bb1\/3&#8243;]<div class=\"thim-widget-heading template-base\"><div class=\"sc_heading  text-center\"><h3 style=\"color:#292929;font-size:35px;font-weight:600;\" class=\"title\">Nuestro <strong>Escudo<\/strong><\/h3><\/div><\/div>[vc_single_image image=\u00bb11705&#8243; alignment=\u00bbcenter\u00bb][\/vc_column][vc_column width=\u00bb1\/3&#8243;]<div class=\"thim-widget-heading template-base\"><div class=\"sc_heading  text-center\"><h3 style=\"color:#292929;font-size:35px;font-weight:600;\" class=\"title\">Nuestra<strong> Visi\u00f3n <\/strong><\/h3><\/div><\/div>[vc_column_text css=\u00bb.vc_custom_1562615064469{margin-bottom: 35px !important;}\u00bb]<\/p>\n<div class=\"textwidget\">\n<p style=\"text-align: left;\">El LICEO PEDAGOGICO \u201cEL CARMELO\u201d en el a\u00f1o 2020 se posicionar\u00e1 como uno de los jardines infantiles que liderar\u00e1 proyectos a nivel cognitivo y formativo en sus estudiantes, alcanzando el pleno desarrollo de las dimensiones que le permitan desenvolverse plenamente en los \u00e1mbitos familiar, social y profesional de manera asertiva.<\/p>\n<\/div>\n<p>[\/vc_column_text][\/vc_column][\/vc_row][vc_row css=\u00bb.vc_custom_1548794962314{padding-top: 0px !important;padding-bottom: 0px !important;}\u00bb][vc_column][vc_separator]<div class=\"thim-widget-heading template-base\"><div class=\"sc_heading  text-center\"><h3 class=\"title\">Nuestra <strong>Galer\u00eda<\/strong><\/h3><\/div><\/div><div class=\"thim-widget-gallery-posts template-gallery-posts\">\n\n\t<div class=\"wrapper-gallery-filter isotope-layout\" itemscope itemtype=\"http:\/\/schema.org\/ItemList\">\n\t\t<div class=\"item_gallery size11 filter-3480\"><a class=\"thim-gallery-popup\" href=\"#\" data-id=\"11793\"><div class=\"info_post\"><span class=\"inner-info\"><i class=\"fas fa-expand\"><\/i> Fotos<\/span><\/div><img loading=\"lazy\" decoding=\"async\" src=\"https:\/\/liceoelcarmelo.edu.co\/web\/wp-content\/uploads\/2019\/07\/IMG-20181110-WA0056-225x225.jpg\" alt=\"Fotos\" title=\"IMG-20181110-WA0056\"  width=\"225\" height=\"225\"><\/a><\/div><div class=\"item_gallery size11 filter-3470\"><a class=\"thim-gallery-popup\" href=\"#\" data-id=\"11771\"><div class=\"info_post\"><span class=\"inner-info\"><i class=\"fas fa-expand\"><\/i> El Preescolar El Carmelo en las patronales de la Virgen de Chiquinquir\u00e1<\/span><\/div><img loading=\"lazy\" decoding=\"async\" src=\"https:\/\/liceoelcarmelo.edu.co\/web\/wp-content\/uploads\/2019\/07\/20881866_362875524145438_4502772210206037188_n-225x225.jpg\" alt=\"El Preescolar El Carmelo en las patronales de la Virgen de Chiquinquir\u00e1\" title=\"20881866_362875524145438_4502772210206037188_n\"  width=\"225\" height=\"225\"><\/a><\/div><div class=\"item_gallery size11 filter-3470\"><a class=\"thim-gallery-popup\" href=\"#\" data-id=\"11763\"><div class=\"info_post\"><span class=\"inner-info\"><i class=\"fas fa-expand\"><\/i> Fiesta en el d\u00eda del ni\u00f1o y la ni\u00f1a<\/span><\/div><img loading=\"lazy\" decoding=\"async\" src=\"https:\/\/liceoelcarmelo.edu.co\/web\/wp-content\/uploads\/2019\/07\/22815567_388940538205603_9173324460647653887_n-225x225.jpg\" alt=\"Fiesta en el d\u00eda del ni\u00f1o y la ni\u00f1a\" title=\"22815567_388940538205603_9173324460647653887_n\"  width=\"225\" height=\"225\"><\/a><\/div><div class=\"item_gallery size11 filter-3470\"><a class=\"thim-gallery-popup\" href=\"#\" data-id=\"11755\"><div class=\"info_post\"><span class=\"inner-info\"><i class=\"fas fa-expand\"><\/i> Fiesta<\/span><\/div><img loading=\"lazy\" decoding=\"async\" src=\"https:\/\/liceoelcarmelo.edu.co\/web\/wp-content\/uploads\/2019\/07\/29790505_452441588522164_3757389271797394176_n-225x225.jpg\" alt=\"Fiesta\" title=\"29790505_452441588522164_3757389271797394176_n\"  width=\"225\" height=\"225\"><\/a><\/div>\t<\/div>\n\t<div class=\"thim-gallery-show\"><\/div>\n\n\t<\/div>[\/vc_column][\/vc_row][vc_row full_width=\u00bbstretch_row\u00bb css=\u00bb.vc_custom_1742758733657{padding-top: 80px !important;padding-bottom: 80px !important;background-color: #71cefc !important;}\u00bb][vc_column css=\u00bb.vc_custom_1532076559485{padding-top: 0px !important;}\u00bb]<div class=\"vc-extral_class wpb_animate_when_almost_visible wpb_left-to-right left-to-right\"><div class=\"thim-widget-gallery-images template-base\"><div class=\"thim-carousel-wrapper gallery-img\" data-visible=\"3\" data-itemtablet=\"3\" data-itemmobile=\"3\" data-autoplay=\"0\" data-navigation=\"1\" data-pagination=\"1\" data-loop=\"true\"><div class=\"item\"><a target=_blank href=\"https:\/\/teprotejocolombia.org\/\"><img loading=\"lazy\" decoding=\"async\" width=\"412\" height=\"150\" src=\"https:\/\/liceoelcarmelo.edu.co\/web\/wp-content\/uploads\/2025\/03\/TEPROTEJO.png\" class=\"attachment-full size-full\" alt=\"\" srcset=\"https:\/\/liceoelcarmelo.edu.co\/web\/wp-content\/uploads\/2025\/03\/TEPROTEJO.png 412w, https:\/\/liceoelcarmelo.edu.co\/web\/wp-content\/uploads\/2025\/03\/TEPROTEJO-300x109.png 300w\" sizes=\"auto, (max-width: 412px) 100vw, 412px\" \/><\/a><\/div><div class=\"item\"><a target=_blank href=\"https:\/\/www.sena.edu.co\/es-co\/Paginas\/default.aspx\"><img loading=\"lazy\" decoding=\"async\" width=\"153\" height=\"150\" src=\"https:\/\/liceoelcarmelo.edu.co\/web\/wp-content\/uploads\/2025\/03\/logoSena-e1737411421366.png\" class=\"attachment-full size-full\" alt=\"\" \/><\/a><\/div><div class=\"item\"><a target=_blank href=\"https:\/\/www.icfes.gov.co\/\"><img loading=\"lazy\" decoding=\"async\" width=\"108\" height=\"150\" src=\"https:\/\/liceoelcarmelo.edu.co\/web\/wp-content\/uploads\/2025\/03\/ICFES.png\" class=\"attachment-full size-full\" alt=\"\" \/><\/a><\/div><\/div><\/div><\/div>[\/vc_column][\/vc_row]<\/p>\n<\/div>","protected":false},"excerpt":{"rendered":"<p>[vc_row full_width=\u00bbstretch_row_content_no_spaces\u00bb css=\u00bb.vc_custom_1532059041653{margin-bottom: 0px !important;}\u00bb][vc_column][rev_slider_vc alias=\u00bbhome-page\u00bb][\/vc_column][\/vc_row][vc_row css=\u00bb.vc_custom_1552335716023{margin-top: -90px !important;background-color: #eee0cd !important;}\u00bb el_class=\u00bbrow_relative\u00bb][vc_column width=\u00bb2\/3&#8243; css=\u00bb.vc_custom_1532058844902{padding-top: 0px !important;}\u00bb][vc_row_inner css=\u00bb.vc_custom_1532058886594{margin-bottom: 0px !important;padding-top: 35px !important;padding-right: 20px !important;padding-bottom: 30px !important;padding-left: 20px !important;}\u00bb][vc_column_inner width=\u00bb1\/3&#8243;][\/vc_column_inner][vc_column_inner width=\u00bb1\/3&#8243;][\/vc_column_inner][vc_column_inner width=\u00bb1\/3&#8243;][\/vc_column_inner][\/vc_row_inner][\/vc_column][vc_column width=\u00bb1\/3&#8243; el_class=\u00bbfeature-icon-box\u00bb css=\u00bb.vc_custom_1532058945916{padding-top: 35px !important;padding-right: 0px !important;padding-bottom: 33px !important;padding-left: 30px &hellip; <\/p>\n","protected":false},"author":1,"featured_media":0,"parent":0,"menu_order":0,"comment_status":"closed","ping_status":"closed","template":"page-templates\/homepage.php","meta":{"footnotes":""},"class_list":["post-10591","page","type-page","status-publish","hentry"],"_links":{"self":[{"href":"https:\/\/liceoelcarmelo.edu.co\/web\/wp-json\/wp\/v2\/pages\/10591","targetHints":{"allow":["GET"]}}],"collection":[{"href":"https:\/\/liceoelcarmelo.edu.co\/web\/wp-json\/wp\/v2\/pages"}],"about":[{"href":"https:\/\/liceoelcarmelo.edu.co\/web\/wp-json\/wp\/v2\/types\/page"}],"author":[{"embeddable":true,"href":"https:\/\/liceoelcarmelo.edu.co\/web\/wp-json\/wp\/v2\/users\/1"}],"replies":[{"embeddable":true,"href":"https:\/\/liceoelcarmelo.edu.co\/web\/wp-json\/wp\/v2\/comments?post=10591"}],"version-history":[{"count":35,"href":"https:\/\/liceoelcarmelo.edu.co\/web\/wp-json\/wp\/v2\/pages\/10591\/revisions"}],"predecessor-version":[{"id":11833,"href":"https:\/\/liceoelcarmelo.edu.co\/web\/wp-json\/wp\/v2\/pages\/10591\/revisions\/11833"}],"wp:attachment":[{"href":"https:\/\/liceoelcarmelo.edu.co\/web\/wp-json\/wp\/v2\/media?parent=10591"}],"curies":[{"name":"wp","href":"https:\/\/api.w.org\/{rel}","templated":true}]}}